rime factors of i(j)?
37
Let f = -35 - -38. Suppose -f*d + 364 = 2*d - 4*t, 4*d = 4*t + 292. List the prime factors of d.
2, 3
Let p(j) = -j. Let l be p(-4). Suppose 4*c = l*q - 13 + 113, 4*c + 5*q = 136. Let r = c - 16. What are the prime factors of r?
13
Let h = 22 + -18. Suppose 0 = 6*m - h*m + 4, -3*v = 4*m - 151. List the prime factors of v.
53
Let h be ((-24)/28)/((-2)/84). Let p = -30 + h. List the prime factors of p.
2, 3
What are the prime factors of (-10)/35 + 61821/63?
3, 109
Let w(c) = -c**3 - 10*c**2 + 7*c + 7. Let h be w(-11). Let u = h + -49. What are the prime factors of u?
2
Let c be (-4)/(-1)*(-252)/(-24). Let x be c/(-70) - 138/(-5). Let q = 2 + x. What are the prime factors of q?
29
Let i be 6 - (2 + (1 - 0)). Suppose 0 = i*k - 182 - 130. Let f = k - 74. List the prime factors of f.
2, 3, 5
Let z be (-5)/3*24/(-20). Suppose 7*w - z*w - 10 = 0. Suppose -4 - 12 = -w*u. List the prime factors of u.
2
Let u be 5/(-20) + 1505/4. Let a(w) = w**3 - 6*w**2 + 4*w + 4. Let z be a(4). List the prime factors of u/48 + (-2)/z.
2
Suppose 2*x - 10*x = -24. Suppose 0 = n + 3*w - 11 - 197, 0 = 4*n + x*w - 850. List the prime factors of n.
2, 107
Let d be -2 - 170/(-2) - 3/(-3). Suppose -4*n = -2*n - d. List the prime factors of n.
2, 3, 7
Suppose -4*r = 3*f - 1633, 5*f = 6*r - 5*r - 414. Let m = r + -204. What are the prime factors of m?
5, 41
What are the prime factors of 6*8/(-12) + 539?
5, 107
Suppose 2*f + 3*i = 7*f + 10, -4*f - 8 = 5*i. Let n be f/(-8) - 11/44. Suppose 0 = 3*v - 3, -5*b - 5*v + 240 = n. What are the prime factors of b?
47
Suppose 3*a - 4*d = 737, 0 = 5*a - 2*d + 7*d - 1275. List the prime factors of a.
251
What are the prime factors of (-4)/((-12)/(-15)) + 9954/21?
7, 67
Let m(z) = -37*z - 51. Let j be m(-10). Let f = 457 - j. What are the prime factors of f?
2, 3, 23
Let n(t) = 13*t**3 - 6*t**2 + 11*t - 12. Let j be n(5). Suppose 4*l = 15*l - j. What are the prime factors of l?
2, 3, 23
Let z(v) = v**2 - 9*v - 10. Let x be z(10). Suppose x*d = -7*d - 21. What are the prime factors of 10*d*3/(-2)?
3, 5
Let h = -56 - -105. Let z = h + 15. List the prime factors of z.
2
Let o = -87 + 1750. List the prime factors of o.
1663
Let v = 4283 - 1070. List the prime factors of v.
3, 7, 17
Let q(d) = 24*d + 17. Let k be q(-8). Let i = k + 53. Let y = 173 + i. What are the prime factors of y?
3, 17
Let r(c) = 4*c - 1. Let u be r(1). Suppose -v + 3*j - 95 = -3*v, -105 = -3*v + u*j. List the prime factors of v.
2, 5
Let h(v) = -7*v**3 - 5*v**2 + 10. Let t(j) = j**3 - j**2 - 1. Let z(f) = h(f) + 6*t(f). Suppose 0 = 3*w - 2*w + 11. List the prime factors of z(w).
2
Let k = -8 - -19. Let f = k + -14. List the prime factors of 12/(f*(-4)/12).
2, 3
Suppose 49 = 4*s - 175. Let g be 2/(-8) - (-3990)/s. Suppose -g = -3*t + 2*c, 0 = -t + 3*t + 2*c - 34. What are the prime factors of t?
3, 7
Suppose 28 = q - 4*c - c, 2*c = 5*q - 48. Suppose -q*w + 14 = -418. List the prime factors of w.
2, 3
Let d(t) be the second derivative of t**3/6 - t**2 + 6*t. Let a be d(6). Suppose -20 = -5*m + 5*l, -5*m - a*l + 5 = -6*m. List the prime factors of m.
7
Suppose 3*b - 2 = 250. Let g be (b/48)/((-2)/(-328)). Suppose 4*i - g = -3*i. What are the prime factors of i?
41
Let l be 3896/12*(0 - (-1 + -2)). Let r = -633 + l. List the prime factors of r.
11, 31
Let m(f) = 8*f**2 + 11*f - 8. Let r = -89 + 83. What are the prime factors of m(r)?
2, 107
Suppose 3*h = -21*h + 36912. What are the prime factors of h?
2, 769
Suppose 13672 = 9*p - 233. What are the prime factors of p?
3, 5, 103
Let s be -18*(2 + (-9)/3). Let b be (-464)/s - (-8)/(-36). List the prime factors of (b/(-4))/(3/6).
13
Let l(i) = -i**3 + 10*i**2 + 20*i + 2. What are the prime factors of l(-5)?
277
Let g(l) = -l**3 - 20*l**2 + 24*l + 46. Let q be g(-21). Suppose -2*x = 2*a - 90 - 8, 0 = 3*a - 15. Let t = x + q. List the prime factors of t.
3
Let m(p) = p**2 - 9*p - 79. What are the prime factors of m(-6)?
11
Let b(y) = -5*y - 49. Let l be b(-6). Let z(i) = i**3 + 21*i**2 + 26*i - 27. What are the prime factors of z(l)?
3, 67
Suppose 0 = -4*a + 3*q + 18, -a + 4*q - q + 9 = 0. Suppose 15 = 2*w + a*w. Suppose i - 68 = -w*i. What are the prime factors of i?
17
Suppose -2*p - 4*f + 20 = -20, -3*p - 4*f + 60 = 0. Let z be 0 + -2 - (-3 + -1 - -1). What are the prime factors of p + 2 + -4 + z?
19
Suppose -40220 = 56*i - 250220. What are the prime factors of i?
2, 3, 5
Suppose 2*z = 3*z - 6. Let c(a) = -4*a + 0*a**2 - 5*a**2 + a**2 - z + a**3. List the prime factors of c(6).
2, 3, 7
Let s(g) = 46*g + 4. Let c be s(4). Suppose -c - 35 = -x. What are the prime factors of x?
223
Let w be (-170)/(-15) + 8/(-6). Let l = w + 85. What are the prime factors of l?
5, 19
Let s(y) be the third derivative of -y**4/4 + 2*y**2. Let w be s(-4). Suppose -2*h = h - w. What are the prime factors of h?
2
Let b be (2/(-3))/(12/18). Let y be b/(-4) + (-105)/4. Let o = y + 49. What are the prime factors of o?
23
Suppose 5*r + o = 2*o + 269, -4*r - o + 208 = 0. Let x = r + -29. Suppose a + 6 = x. List the prime factors of a.
2, 3
Let a be (2*-3 + -2)/(-2). Suppose -a + 24 = 5*n. Suppose n*i - 2*i = 34. What are the prime factors of i?
17
Suppose 33*x - 5930 = 25090. List the prime factors of x.
2, 5, 47
Suppose -70*j + 8223 = -67*j. What are the prime factors of j?
2741
Suppose 272 = 2*a - 208. List the prime factors of a.
2, 3, 5
Let r(s) = 5*s**3 - 6*s**3 - 11*s + 7 + 5 - 12*s**2. Let v be r(-11). Let h = v - -30. What are the prime factors of h?
2, 3, 7
Let f(y) = 24*y - 19. Let s be (4/10)/((-2)/(-30) + 0). What are the prime factors of f(s)?
5
Let k(p) = -5*p**2 - 3*p + 2. Let f be k(-3). Suppose -4*a = -i + 3*i + 4, 5*a - 47 = 4*i. Let o = i - f. What are the prime factors of o?
2, 13
Let j = -16 + 12. Let p(a) = a**3 + 7*a**2 + 4*a - 4. List the prime factors of p(j).
2, 7
Suppose -3 = 2*v - 3*v. Let k = -1 + 1. Suppose c - 10 + v = k. What are the prime factors of c?
7
Let s = 2082 - -963. What are the prime factors of s?
3, 5, 7, 29
Let q(l) = -3*l - 5. Let k be q(-13). Suppose c - k - 38 = 0. List the prime factors of c.
2, 3
What are the prime factors of (23/(-2))/(1/(-38))?
19, 23
Suppose 6*y = 8*y - 4*q + 2, 5*y + 5*q = -20. What are the prime factors of (-287)/(-1) + 0/y?
7, 41
Let d(i) = i**3 - 7*i**2 + 2. Let x be d(7). List the prime factors of ((-4)/6)/(x/(-174)).
2, 29
Let s = 524 - -1999. What are the prime factors of s?
3, 29
Suppose 5*w = -10, 0 = -k + 2*k - 2*w - 9. Let o = k - 2. Suppose -p + 26 = -o. List the prime factors of p.
29
Suppose 0 = -29*h + 38*h - 9045. List the prime factors of h.
3, 5, 67
Let q(x) = 3*x**2 + 9*x + 12. Suppose s + 18 = -3*t, 2*t = 4*s - t + 12. Let a be q(s). Suppose 0 = -2*z + a + 14. List the prime factors of z.
2, 5
Let t(f) = f - 3. Let l be t(14). Suppose -812 = -l*j - 3*j. List the prime factors of j.
2, 29
Let b(w) = -7*w + 4. Let n be (-26)/(-4) - 1/2. Let s = n + -10. List the prime factors of b(s).
2
Suppose 3*v - 17 + 35 = 0. What are the prime factors of 3*((-190)/v + -1)?
2, 23
Suppose 11*f + 5*v = 15*f - 1552, 4*f = -3*v + 1552. List the prime factors of f.
2, 97
Let w(y) = -5*y + 13. Suppose 4*u + 5*n = -16, u + 2 + 11 = n. What are the prime factors of w(u)?
2, 29
List the prime factors of 329 + 14*40/70.
337
Let x(l) = 18*l**2 + 172*l - 1. What are the prime factors of x(6)?
23, 73
Let c(n) = -n**2 + 3*n + 7. Let d be c(3). Suppose d*m = 205 - 9. What are the prime factors of m?
2, 7
Let d be 3 + (11 - -3) + -2. Suppose -3*w - d = -6*w. Let v(i) = -i**3 + 6*i**2 - i - 5. List the prime factors of v(w).
3, 5
Let h(o) be the third derivative of o**6/120 - o**5/10 + o**4/8 + 7*o**3/6 - o**2. Let k be h(5). List the prime factors of (1/2)/(k/(-54)).
3
Suppose -104937 = 34*n - 55*n. What are the prime factors of n?
19, 263
Let p(h) = -4*h + 3. Let r be p(-3). Suppose 1 + 0 = s, 3*s - r = 2*x. List the prime factors of (88/x)/(-2)*3.
2, 11
Let f(w) = w**3 + 10*w**2 + 6*w - 8. Let g be f(-9). Suppose 69 = 3*s + 3*l, 0 = -2*s - g*l + 18*l + 51. What are the prime factors of s?
2, 7
Let a = 9 + -23. Suppose 0 = 3*c + 2*c - 185. Let h = c + a. List the prime factors of h.
23
Let m = -312 - -1226. List the prime factors of m.
2, 457
Suppose 5*i = -2*n - 33, 13 + 